{"id":28,"date":"2021-04-12T16:18:34","date_gmt":"2021-04-12T16:18:34","guid":{"rendered":"https:\/\/sites.hpkainz.at\/homepage-gerhard\/wordpress-internist-pur\/wordpress\/?page_id=28"},"modified":"2021-04-15T16:02:45","modified_gmt":"2021-04-15T16:02:45","slug":"24-stunden-ekg","status":"publish","type":"page","link":"https:\/\/internist.kainz.info\/?page_id=28","title":{"rendered":"24 Stunden EKG"},"content":{"rendered":"\n<p>Das 24 Stunden EKG (HOLTER-EKG) dient zur Diagnose von anfallsweise auftretenden Herzrhythmusst\u00f6rungen und zur Therapiekontrolle.<\/p>\n\n\n\n<h3 class=\"wp-block-heading\">Durchf\u00fchrung<\/h3>\n\n\n\n<p>Drei Klebe-Elektroden werden an der Brustwand befestigt und durch ein Kabel mit dem Recorder verbunden. Dadurch werden alle Herzschl\u00e4ge \u00fcber 24 Stunden aufgezeichnet. Das aufgezeichnete EKG wird dann am Computer ausgewertet. Das Ergebnis liegt \u00fcblicherweise am n\u00e4chsten Tag vor.<\/p>\n\n\n\n<h3 class=\"wp-block-heading\">Hinweise<\/h3>\n\n\n\n<p>F\u00fcr diese Untersuchung ist eine Terminvereinbarung erforderlich. Die Kosten werden nur von der Gebiets- u. Bauernkrankenkasse \u00fcbernommen, bei der BVA versicherte k\u00f6nnen die Rechnung bei ihrer Kasse einreichen und bekommen 80% r\u00fcckerstattet. <\/p>\n\n\n\n<p>Bitte verwenden Sie keine K\u00f6rperlotion oder Cremes vor der Untersuchung.<\/p>\n","protected":false},"excerpt":{"rendered":"<p>Das 24 Stunden EKG (HOLTER-EKG) dient zur Diagnose von anfallsweise auftretenden Herzrhythmusst\u00f6rungen und zur Therapiekontrolle. Durchf\u00fchrung Drei Klebe-Elektroden werden an der Brustwand befestigt und durch ein Kabel mit dem Recorder verbunden. Dadurch werden alle Herzschl\u00e4ge \u00fcber 24 Stunden aufgezeichnet. Das aufgezeichnete EKG wird dann am Computer ausgewertet. Das Ergebnis liegt \u00fcblicherweise am n\u00e4chsten Tag vor. [&hellip;]<\/p>\n","protected":false},"author":1,"featured_media":0,"parent":0,"menu_order":0,"comment_status":"closed","ping_status":"closed","template":"","meta":[],"_links":{"self":[{"href":"https:\/\/internist.kainz.info\/index.php?rest_route=\/wp\/v2\/pages\/28"}],"collection":[{"href":"https:\/\/internist.kainz.info\/index.php?rest_route=\/wp\/v2\/pages"}],"about":[{"href":"https:\/\/internist.kainz.info\/index.php?rest_route=\/wp\/v2\/types\/page"}],"author":[{"embeddable":true,"href":"https:\/\/internist.kainz.info\/index.php?rest_route=\/wp\/v2\/users\/1"}],"replies":[{"embeddable":true,"href":"https:\/\/internist.kainz.info\/index.php?rest_route=%2Fwp%2Fv2%2Fcomments&post=28"}],"version-history":[{"count":4,"href":"https:\/\/internist.kainz.info\/index.php?rest_route=\/wp\/v2\/pages\/28\/revisions"}],"predecessor-version":[{"id":64,"href":"https:\/\/internist.kainz.info\/index.php?rest_route=\/wp\/v2\/pages\/28\/revisions\/64"}],"wp:attachment":[{"href":"https:\/\/internist.kainz.info\/index.php?rest_route=%2Fwp%2Fv2%2Fmedia&parent=28"}],"curies":[{"name":"wp","href":"https:\/\/api.w.org\/{rel}","templated":true}]}}