{"id":16,"date":"2021-04-12T16:14:54","date_gmt":"2021-04-12T16:14:54","guid":{"rendered":"https:\/\/sites.hpkainz.at\/homepage-gerhard\/wordpress-internist-pur\/wordpress\/?page_id=16"},"modified":"2021-04-15T16:04:19","modified_gmt":"2021-04-15T16:04:19","slug":"links","status":"publish","type":"page","link":"https:\/\/internist.kainz.info\/?page_id=16","title":{"rendered":"Links"},"content":{"rendered":"\n<p>Die angegebenen Links wurden von mir sorgf\u00e4ltig ausgesucht, und sollen zu Ihrer Information dienen. Da hinter den meisten Seiten wirtschaftliche Interessen stecken, sind diese Informationen nicht als objektiv zu betrachten und entsprechen teilweise auch nicht strengen wissenschaftlichen Kriterien. Lesen Sie diese Pages kritisch und fragen Sie mich oder Ihren Hausarzt, bevor Sie Empfehlungen umsetzen.<\/p>\n\n\n\n<p>Ich \u00fcbernehme keine Verantwortung f\u00fcr den Inhalt der angef\u00fchrten Websites.<\/p>\n\n\n\n<h3 class=\"wp-block-heading\">Diabetes und Ern\u00e4hrung<\/h3>\n\n\n\n<ul><li>Kalorientabelle: <a href=\"http:\/\/www.fettrechner.de\">www.fettrechner.de<\/a><\/li><li>BMI-Rechner: <a href=\"http:\/\/www.medizin-netz.de\">www.medizin-netz.de<\/a><\/li><li><a href=\"http:\/\/www.was-wir-essen.de\">www.was-wir-essen.de<\/a><\/li><li><a href=\"http:\/\/www.kalorien-tabelle.de\">www.kalorien-tabelle.de<\/a><\/li><li><a href=\"http:\/\/www.ernaehrung.de\">www.ernaehrung.de<\/a><\/li><\/ul>\n\n\n\n<h3 class=\"wp-block-heading\">Reisemedizin<\/h3>\n\n\n\n<ul><li>Auch \u00f6sterreichischer Impfplan: <a href=\"http:\/\/www.reisemed.at\">www.reisemed.at<\/a><\/li><li><a href=\"http:\/\/www.fit-for-travel.de\">www.fit-for-travel.de<\/a><\/li><li><a href=\"http:\/\/www.die-reisemedizin.de\">www.die-reisemedizin.de<\/a><\/li><\/ul>\n\n\n\n<h3 class=\"wp-block-heading\">Sonstige<\/h3>\n\n\n\n<ul><li>Dr. Bernhard Angermayr: <a href=\"http:\/\/www.angermayr.com\">www.angermayr.com<\/a><\/li><\/ul>\n","protected":false},"excerpt":{"rendered":"<p>Die angegebenen Links wurden von mir sorgf\u00e4ltig ausgesucht, und sollen zu Ihrer Information dienen. Da hinter den meisten Seiten wirtschaftliche Interessen stecken, sind diese Informationen nicht als objektiv zu betrachten und entsprechen teilweise auch nicht strengen wissenschaftlichen Kriterien. Lesen Sie diese Pages kritisch und fragen Sie mich oder Ihren Hausarzt, bevor Sie Empfehlungen umsetzen. Ich [&hellip;]<\/p>\n","protected":false},"author":1,"featured_media":0,"parent":0,"menu_order":0,"comment_status":"closed","ping_status":"closed","template":"","meta":[],"_links":{"self":[{"href":"https:\/\/internist.kainz.info\/index.php?rest_route=\/wp\/v2\/pages\/16"}],"collection":[{"href":"https:\/\/internist.kainz.info\/index.php?rest_route=\/wp\/v2\/pages"}],"about":[{"href":"https:\/\/internist.kainz.info\/index.php?rest_route=\/wp\/v2\/types\/page"}],"author":[{"embeddable":true,"href":"https:\/\/internist.kainz.info\/index.php?rest_route=\/wp\/v2\/users\/1"}],"replies":[{"embeddable":true,"href":"https:\/\/internist.kainz.info\/index.php?rest_route=%2Fwp%2Fv2%2Fcomments&post=16"}],"version-history":[{"count":3,"href":"https:\/\/internist.kainz.info\/index.php?rest_route=\/wp\/v2\/pages\/16\/revisions"}],"predecessor-version":[{"id":69,"href":"https:\/\/internist.kainz.info\/index.php?rest_route=\/wp\/v2\/pages\/16\/revisions\/69"}],"wp:attachment":[{"href":"https:\/\/internist.kainz.info\/index.php?rest_route=%2Fwp%2Fv2%2Fmedia&parent=16"}],"curies":[{"name":"wp","href":"https:\/\/api.w.org\/{rel}","templated":true}]}}